{"id":299,"date":"2023-10-10T19:55:51","date_gmt":"2023-10-10T17:55:51","guid":{"rendered":"https:\/\/www.fondationcasafair.ch\/?page_id=299"},"modified":"2023-11-15T18:02:47","modified_gmt":"2023-11-15T17:02:47","slug":"philosophie","status":"publish","type":"page","link":"https:\/\/www.fondationcasafair.ch\/fr\/fondation\/philosophie\/","title":{"rendered":"Philosophie"},"content":{"rendered":"<h1>Soustraire des biens immobiliers au march\u00e9 \u00e0 but lucratif<\/h1>\n<p>Le sol est un bien rare. Les prix des terrains et des immeubles qui s&#8217;y trouvent augmentent de mani\u00e8re disproportionn\u00e9e. Il est donc difficile, voire impossible, pour un nombre croissant de personnes de r\u00e9aliser leur souhait d&#8217;acc\u00e9der \u00e0 la propri\u00e9t\u00e9. Quant aux locataires, ils sont confront\u00e9s \u00e0 une hausse constante des loyers. Avec la cr\u00e9ation de la Fondation, Habitat Durable veut contribuer \u00e0 retirer des biens immobiliers d\u2019un march\u00e9 ax\u00e9 sur le profit, ce qui permet de freiner la hausse des prix et de maintenir des logements \u00e0 des prix abordables.<\/p>\n<p>En mettant en \u0153uvre concr\u00e8tement les objectifs et les valeurs de <a href=\"https:\/\/habitatdurable.ch\/\"habitatdurable.ch\/ target=\"_blank\" target=\"_blank\" rel=\"noopener\">Casafair\/Habitat Durable<\/a>, la Fondation joue un r\u00f4le de mod\u00e8le pour une utilisation responsable de la propri\u00e9t\u00e9 fonci\u00e8re sur le plan social, \u00e9cologique et \u00e9conomique.<\/p>\n","protected":false},"excerpt":{"rendered":"<p>Soustraire des biens immobiliers au march\u00e9 \u00e0 but lucratif Le sol est un bien rare. Les prix des terrains et des immeubles qui s&#8217;y trouvent augmentent de mani\u00e8re disproportionn\u00e9e. Il est donc difficile, voire impossible, pour un nombre croissant de &hellip; <a href=\"https:\/\/www.fondationcasafair.ch\/fr\/fondation\/philosophie\/\">Lire la suite <span class=\"meta-nav\">&rarr;<\/span><\/a><\/p>\n","protected":false},"author":2,"featured_media":125,"parent":162,"menu_order":0,"comment_status":"closed","ping_status":"closed","template":"","meta":{"_acf_changed":false,"footnotes":""},"class_list":["post-299","page","type-page","status-publish","has-post-thumbnail","hentry","has-featured-image"],"acf":[],"yoast_head":"<!-- This site is optimized with the Yoast SEO plugin v27.3 - https:\/\/yoast.com\/product\/yoast-seo-wordpress\/ -->\n<title>Philosophie - Fondation Casafair<\/title>\n<meta name=\"robots\" content=\"index, follow, max-snippet:-1, max-image-preview:large, max-video-preview:-1\" \/>\n<link rel=\"canonical\" href=\"https:\/\/www.fondationcasafair.ch\/fr\/fondation\/philosophie\/\" \/>\n<meta property=\"og:locale\" content=\"fr_FR\" \/>\n<meta property=\"og:type\" content=\"article\" \/>\n<meta property=\"og:title\" content=\"Philosophie - Fondation Casafair\" \/>\n<meta property=\"og:description\" content=\"Soustraire des biens immobiliers au march\u00e9 \u00e0 but lucratif Le sol est un bien rare. Les prix des terrains et des immeubles qui s&#8217;y trouvent augmentent de mani\u00e8re disproportionn\u00e9e. Il est donc difficile, voire impossible, pour un nombre croissant de &hellip; Lire la suite &rarr;\" \/>\n<meta property=\"og:url\" content=\"https:\/\/www.fondationcasafair.ch\/fr\/fondation\/philosophie\/\" \/>\n<meta property=\"og:site_name\" content=\"Fondation Casafair\" \/>\n<meta property=\"article:modified_time\" content=\"2023-11-15T17:02:47+00:00\" \/>\n<meta property=\"og:image\" content=\"https:\/\/www.fondationcasafair.ch\/wp-content\/uploads\/2023\/09\/header_front.jpg\" \/>\n\t<meta property=\"og:image:width\" content=\"1899\" \/>\n\t<meta property=\"og:image:height\" content=\"360\" \/>\n\t<meta property=\"og:image:type\" content=\"image\/jpeg\" \/>\n<meta name=\"twitter:card\" content=\"summary_large_image\" \/>\n<meta name=\"twitter:label1\" content=\"Est. reading time\" \/>\n\t<meta name=\"twitter:data1\" content=\"1 minute\" \/>\n<script type=\"application\/ld+json\" class=\"yoast-schema-graph\">{\"@context\":\"https:\\\/\\\/schema.org\",\"@graph\":[{\"@type\":\"WebPage\",\"@id\":\"https:\\\/\\\/www.fondationcasafair.ch\\\/fr\\\/fondation\\\/philosophie\\\/\",\"url\":\"https:\\\/\\\/www.fondationcasafair.ch\\\/fr\\\/fondation\\\/philosophie\\\/\",\"name\":\"Philosophie - Fondation Casafair\",\"isPartOf\":{\"@id\":\"https:\\\/\\\/www.fondationcasafair.ch\\\/fr\\\/#website\"},\"primaryImageOfPage\":{\"@id\":\"https:\\\/\\\/www.fondationcasafair.ch\\\/fr\\\/fondation\\\/philosophie\\\/#primaryimage\"},\"image\":{\"@id\":\"https:\\\/\\\/www.fondationcasafair.ch\\\/fr\\\/fondation\\\/philosophie\\\/#primaryimage\"},\"thumbnailUrl\":\"https:\\\/\\\/www.fondationcasafair.ch\\\/wp-content\\\/uploads\\\/2023\\\/09\\\/header_front.jpg\",\"datePublished\":\"2023-10-10T17:55:51+00:00\",\"dateModified\":\"2023-11-15T17:02:47+00:00\",\"breadcrumb\":{\"@id\":\"https:\\\/\\\/www.fondationcasafair.ch\\\/fr\\\/fondation\\\/philosophie\\\/#breadcrumb\"},\"inLanguage\":\"fr-FR\",\"potentialAction\":[{\"@type\":\"ReadAction\",\"target\":[\"https:\\\/\\\/www.fondationcasafair.ch\\\/fr\\\/fondation\\\/philosophie\\\/\"]}]},{\"@type\":\"ImageObject\",\"inLanguage\":\"fr-FR\",\"@id\":\"https:\\\/\\\/www.fondationcasafair.ch\\\/fr\\\/fondation\\\/philosophie\\\/#primaryimage\",\"url\":\"https:\\\/\\\/www.fondationcasafair.ch\\\/wp-content\\\/uploads\\\/2023\\\/09\\\/header_front.jpg\",\"contentUrl\":\"https:\\\/\\\/www.fondationcasafair.ch\\\/wp-content\\\/uploads\\\/2023\\\/09\\\/header_front.jpg\",\"width\":1899,\"height\":360},{\"@type\":\"BreadcrumbList\",\"@id\":\"https:\\\/\\\/www.fondationcasafair.ch\\\/fr\\\/fondation\\\/philosophie\\\/#breadcrumb\",\"itemListElement\":[{\"@type\":\"ListItem\",\"position\":1,\"name\":\"Startseite\",\"item\":\"https:\\\/\\\/www.fondationcasafair.ch\\\/fr\\\/\"},{\"@type\":\"ListItem\",\"position\":2,\"name\":\"La Fondation\",\"item\":\"https:\\\/\\\/www.fondationcasafair.ch\\\/fr\\\/fondation\\\/\"},{\"@type\":\"ListItem\",\"position\":3,\"name\":\"Philosophie\"}]},{\"@type\":\"WebSite\",\"@id\":\"https:\\\/\\\/www.fondationcasafair.ch\\\/fr\\\/#website\",\"url\":\"https:\\\/\\\/www.fondationcasafair.ch\\\/fr\\\/\",\"name\":\"Stiftung Fondation Casafair\",\"description\":\"\",\"publisher\":{\"@id\":\"https:\\\/\\\/www.fondationcasafair.ch\\\/fr\\\/#organization\"},\"potentialAction\":[{\"@type\":\"SearchAction\",\"target\":{\"@type\":\"EntryPoint\",\"urlTemplate\":\"https:\\\/\\\/www.fondationcasafair.ch\\\/fr\\\/?s={search_term_string}\"},\"query-input\":{\"@type\":\"PropertyValueSpecification\",\"valueRequired\":true,\"valueName\":\"search_term_string\"}}],\"inLanguage\":\"fr-FR\"},{\"@type\":\"Organization\",\"@id\":\"https:\\\/\\\/www.fondationcasafair.ch\\\/fr\\\/#organization\",\"name\":\"Stiftung Fondation Casafair\",\"url\":\"https:\\\/\\\/www.fondationcasafair.ch\\\/fr\\\/\",\"logo\":{\"@type\":\"ImageObject\",\"inLanguage\":\"fr-FR\",\"@id\":\"https:\\\/\\\/www.fondationcasafair.ch\\\/fr\\\/#\\\/schema\\\/logo\\\/image\\\/\",\"url\":\"https:\\\/\\\/www.fondationcasafair.ch\\\/wp-content\\\/uploads\\\/2023\\\/10\\\/fondation_casafair_rostrot_c_einzeilig.svg\",\"contentUrl\":\"https:\\\/\\\/www.fondationcasafair.ch\\\/wp-content\\\/uploads\\\/2023\\\/10\\\/fondation_casafair_rostrot_c_einzeilig.svg\",\"caption\":\"Stiftung Fondation Casafair\"},\"image\":{\"@id\":\"https:\\\/\\\/www.fondationcasafair.ch\\\/fr\\\/#\\\/schema\\\/logo\\\/image\\\/\"}}]}<\/script>\n<!-- \/ Yoast SEO plugin. -->","yoast_head_json":{"title":"Philosophie - Fondation Casafair","robots":{"index":"index","follow":"follow","max-snippet":"max-snippet:-1","max-image-preview":"max-image-preview:large","max-video-preview":"max-video-preview:-1"},"canonical":"https:\/\/www.fondationcasafair.ch\/fr\/fondation\/philosophie\/","og_locale":"fr_FR","og_type":"article","og_title":"Philosophie - Fondation Casafair","og_description":"Soustraire des biens immobiliers au march\u00e9 \u00e0 but lucratif Le sol est un bien rare. Les prix des terrains et des immeubles qui s&#8217;y trouvent augmentent de mani\u00e8re disproportionn\u00e9e. Il est donc difficile, voire impossible, pour un nombre croissant de &hellip; Lire la suite &rarr;","og_url":"https:\/\/www.fondationcasafair.ch\/fr\/fondation\/philosophie\/","og_site_name":"Fondation Casafair","article_modified_time":"2023-11-15T17:02:47+00:00","og_image":[{"width":1899,"height":360,"url":"https:\/\/www.fondationcasafair.ch\/wp-content\/uploads\/2023\/09\/header_front.jpg","type":"image\/jpeg"}],"twitter_card":"summary_large_image","twitter_misc":{"Est. reading time":"1 minute"},"schema":{"@context":"https:\/\/schema.org","@graph":[{"@type":"WebPage","@id":"https:\/\/www.fondationcasafair.ch\/fr\/fondation\/philosophie\/","url":"https:\/\/www.fondationcasafair.ch\/fr\/fondation\/philosophie\/","name":"Philosophie - Fondation Casafair","isPartOf":{"@id":"https:\/\/www.fondationcasafair.ch\/fr\/#website"},"primaryImageOfPage":{"@id":"https:\/\/www.fondationcasafair.ch\/fr\/fondation\/philosophie\/#primaryimage"},"image":{"@id":"https:\/\/www.fondationcasafair.ch\/fr\/fondation\/philosophie\/#primaryimage"},"thumbnailUrl":"https:\/\/www.fondationcasafair.ch\/wp-content\/uploads\/2023\/09\/header_front.jpg","datePublished":"2023-10-10T17:55:51+00:00","dateModified":"2023-11-15T17:02:47+00:00","breadcrumb":{"@id":"https:\/\/www.fondationcasafair.ch\/fr\/fondation\/philosophie\/#breadcrumb"},"inLanguage":"fr-FR","potentialAction":[{"@type":"ReadAction","target":["https:\/\/www.fondationcasafair.ch\/fr\/fondation\/philosophie\/"]}]},{"@type":"ImageObject","inLanguage":"fr-FR","@id":"https:\/\/www.fondationcasafair.ch\/fr\/fondation\/philosophie\/#primaryimage","url":"https:\/\/www.fondationcasafair.ch\/wp-content\/uploads\/2023\/09\/header_front.jpg","contentUrl":"https:\/\/www.fondationcasafair.ch\/wp-content\/uploads\/2023\/09\/header_front.jpg","width":1899,"height":360},{"@type":"BreadcrumbList","@id":"https:\/\/www.fondationcasafair.ch\/fr\/fondation\/philosophie\/#breadcrumb","itemListElement":[{"@type":"ListItem","position":1,"name":"Startseite","item":"https:\/\/www.fondationcasafair.ch\/fr\/"},{"@type":"ListItem","position":2,"name":"La Fondation","item":"https:\/\/www.fondationcasafair.ch\/fr\/fondation\/"},{"@type":"ListItem","position":3,"name":"Philosophie"}]},{"@type":"WebSite","@id":"https:\/\/www.fondationcasafair.ch\/fr\/#website","url":"https:\/\/www.fondationcasafair.ch\/fr\/","name":"Stiftung Fondation Casafair","description":"","publisher":{"@id":"https:\/\/www.fondationcasafair.ch\/fr\/#organization"},"potentialAction":[{"@type":"SearchAction","target":{"@type":"EntryPoint","urlTemplate":"https:\/\/www.fondationcasafair.ch\/fr\/?s={search_term_string}"},"query-input":{"@type":"PropertyValueSpecification","valueRequired":true,"valueName":"search_term_string"}}],"inLanguage":"fr-FR"},{"@type":"Organization","@id":"https:\/\/www.fondationcasafair.ch\/fr\/#organization","name":"Stiftung Fondation Casafair","url":"https:\/\/www.fondationcasafair.ch\/fr\/","logo":{"@type":"ImageObject","inLanguage":"fr-FR","@id":"https:\/\/www.fondationcasafair.ch\/fr\/#\/schema\/logo\/image\/","url":"https:\/\/www.fondationcasafair.ch\/wp-content\/uploads\/2023\/10\/fondation_casafair_rostrot_c_einzeilig.svg","contentUrl":"https:\/\/www.fondationcasafair.ch\/wp-content\/uploads\/2023\/10\/fondation_casafair_rostrot_c_einzeilig.svg","caption":"Stiftung Fondation Casafair"},"image":{"@id":"https:\/\/www.fondationcasafair.ch\/fr\/#\/schema\/logo\/image\/"}}]}},"_links":{"self":[{"href":"https:\/\/www.fondationcasafair.ch\/fr\/wp-json\/wp\/v2\/pages\/299","targetHints":{"allow":["GET"]}}],"collection":[{"href":"https:\/\/www.fondationcasafair.ch\/fr\/wp-json\/wp\/v2\/pages"}],"about":[{"href":"https:\/\/www.fondationcasafair.ch\/fr\/wp-json\/wp\/v2\/types\/page"}],"author":[{"embeddable":true,"href":"https:\/\/www.fondationcasafair.ch\/fr\/wp-json\/wp\/v2\/users\/2"}],"replies":[{"embeddable":true,"href":"https:\/\/www.fondationcasafair.ch\/fr\/wp-json\/wp\/v2\/comments?post=299"}],"version-history":[{"count":4,"href":"https:\/\/www.fondationcasafair.ch\/fr\/wp-json\/wp\/v2\/pages\/299\/revisions"}],"predecessor-version":[{"id":697,"href":"https:\/\/www.fondationcasafair.ch\/fr\/wp-json\/wp\/v2\/pages\/299\/revisions\/697"}],"up":[{"embeddable":true,"href":"https:\/\/www.fondationcasafair.ch\/fr\/wp-json\/wp\/v2\/pages\/162"}],"wp:featuredmedia":[{"embeddable":true,"href":"https:\/\/www.fondationcasafair.ch\/fr\/wp-json\/wp\/v2\/media\/125"}],"wp:attachment":[{"href":"https:\/\/www.fondationcasafair.ch\/fr\/wp-json\/wp\/v2\/media?parent=299"}],"curies":[{"name":"wp","href":"https:\/\/api.w.org\/{rel}","templated":true}]}}

<h1>Soustraire des biens immobiliers au marché à but lucratif</h1>
<p>Le sol est un bien rare. Les prix des terrains et des immeubles qui s&#8217;y trouvent augmentent de manière disproportionnée. Il est donc difficile, voire impossible, pour un nombre croissant de personnes de réaliser leur souhait d&#8217;accéder à la propriété. Quant aux locataires, ils sont confrontés à une hausse constante des loyers. Avec la création de la Fondation, Habitat Durable veut contribuer à retirer des biens immobiliers d’un marché axé sur le profit, ce qui permet de freiner la hausse des prix et de maintenir des logements à des prix abordables.</p>
<p>En mettant en œuvre concrètement les objectifs et les valeurs de <a href="https://habitatdurable.ch/"habitatdurable.ch/ target="_blank" target="_blank" rel="noopener">Casafair/Habitat Durable</a>, la Fondation joue un rôle de modèle pour une utilisation responsable de la propriété foncière sur le plan social, écologique et économique.</p>

<p>Soustraire des biens immobiliers au marché à but lucratif Le sol est un bien rare. Les prix des terrains et des immeubles qui s&#8217;y trouvent augmentent de manière disproportionnée. Il est donc difficile, voire impossible, pour un nombre croissant de &hellip; <a href="https://www.fondationcasafair.ch/fr/fondation/philosophie/">Lire la suite <span class="meta-nav">&rarr;</span></a></p>

<!-- This site is optimized with the Yoast SEO plugin v27.3 - https://yoast.com/product/yoast-seo-wordpress/ -->
<title>Philosophie - Fondation Casafair</title>
<meta name="robots" content="index, follow, max-snippet:-1, max-image-preview:large, max-video-preview:-1" />
<link rel="canonical" href="https://www.fondationcasafair.ch/fr/fondation/philosophie/" />
<meta property="og:locale" content="fr_FR" />
<meta property="og:type" content="article" />
<meta property="og:title" content="Philosophie - Fondation Casafair" />
<meta property="og:description" content="Soustraire des biens immobiliers au marché à but lucratif Le sol est un bien rare. Les prix des terrains et des immeubles qui s&#8217;y trouvent augmentent de manière disproportionnée. Il est donc difficile, voire impossible, pour un nombre croissant de &hellip; Lire la suite &rarr;" />
<meta property="og:url" content="https://www.fondationcasafair.ch/fr/fondation/philosophie/" />
<meta property="og:site_name" content="Fondation Casafair" />
<meta property="article:modified_time" content="2023-11-15T17:02:47+00:00" />
<meta property="og:image" content="https://www.fondationcasafair.ch/wp-content/uploads/2023/09/header_front.jpg" />
	<meta property="og:image:width" content="1899" />
	<meta property="og:image:height" content="360" />
	<meta property="og:image:type" content="image/jpeg" />
<meta name="twitter:card" content="summary_large_image" />
<meta name="twitter:label1" content="Est. reading time" />
	<meta name="twitter:data1" content="1 minute" />
<script type="application/ld+json" class="yoast-schema-graph">{"@context":"https:\/\/schema.org","@graph":[{"@type":"WebPage","@id":"https:\/\/www.fondationcasafair.ch\/fr\/fondation\/philosophie\/","url":"https:\/\/www.fondationcasafair.ch\/fr\/fondation\/philosophie\/","name":"Philosophie - Fondation Casafair","isPartOf":{"@id":"https:\/\/www.fondationcasafair.ch\/fr\/#website"},"primaryImageOfPage":{"@id":"https:\/\/www.fondationcasafair.ch\/fr\/fondation\/philosophie\/#primaryimage"},"image":{"@id":"https:\/\/www.fondationcasafair.ch\/fr\/fondation\/philosophie\/#primaryimage"},"thumbnailUrl":"https:\/\/www.fondationcasafair.ch\/wp-content\/uploads\/2023\/09\/header_front.jpg","datePublished":"2023-10-10T17:55:51+00:00","dateModified":"2023-11-15T17:02:47+00:00","breadcrumb":{"@id":"https:\/\/www.fondationcasafair.ch\/fr\/fondation\/philosophie\/#breadcrumb"},"inLanguage":"fr-FR","potentialAction":[{"@type":"ReadAction","target":["https:\/\/www.fondationcasafair.ch\/fr\/fondation\/philosophie\/"]}]},{"@type":"ImageObject","inLanguage":"fr-FR","@id":"https:\/\/www.fondationcasafair.ch\/fr\/fondation\/philosophie\/#primaryimage","url":"https:\/\/www.fondationcasafair.ch\/wp-content\/uploads\/2023\/09\/header_front.jpg","contentUrl":"https:\/\/www.fondationcasafair.ch\/wp-content\/uploads\/2023\/09\/header_front.jpg","width":1899,"height":360},{"@type":"BreadcrumbList","@id":"https:\/\/www.fondationcasafair.ch\/fr\/fondation\/philosophie\/#breadcrumb","itemListElement":[{"@type":"ListItem","position":1,"name":"Startseite","item":"https:\/\/www.fondationcasafair.ch\/fr\/"},{"@type":"ListItem","position":2,"name":"La Fondation","item":"https:\/\/www.fondationcasafair.ch\/fr\/fondation\/"},{"@type":"ListItem","position":3,"name":"Philosophie"}]},{"@type":"WebSite","@id":"https:\/\/www.fondationcasafair.ch\/fr\/#website","url":"https:\/\/www.fondationcasafair.ch\/fr\/","name":"Stiftung Fondation Casafair","description":"","publisher":{"@id":"https:\/\/www.fondationcasafair.ch\/fr\/#organization"},"potentialAction":[{"@type":"SearchAction","target":{"@type":"EntryPoint","urlTemplate":"https:\/\/www.fondationcasafair.ch\/fr\/?s={search_term_string}"},"query-input":{"@type":"PropertyValueSpecification","valueRequired":true,"valueName":"search_term_string"}}],"inLanguage":"fr-FR"},{"@type":"Organization","@id":"https:\/\/www.fondationcasafair.ch\/fr\/#organization","name":"Stiftung Fondation Casafair","url":"https:\/\/www.fondationcasafair.ch\/fr\/","logo":{"@type":"ImageObject","inLanguage":"fr-FR","@id":"https:\/\/www.fondationcasafair.ch\/fr\/#\/schema\/logo\/image\/","url":"https:\/\/www.fondationcasafair.ch\/wp-content\/uploads\/2023\/10\/fondation_casafair_rostrot_c_einzeilig.svg","contentUrl":"https:\/\/www.fondationcasafair.ch\/wp-content\/uploads\/2023\/10\/fondation_casafair_rostrot_c_einzeilig.svg","caption":"Stiftung Fondation Casafair"},"image":{"@id":"https:\/\/www.fondationcasafair.ch\/fr\/#\/schema\/logo\/image\/"}}]}</script>
<!-- / Yoast SEO plugin. -->

Soustraire des biens immobiliers au marché à but lucratif Le sol est un bien rare. Les prix des terrains et des immeubles qui s&#8217;y trouvent augmentent de manière disproportionnée. Il est donc difficile, voire impossible, pour un nombre croissant de &hellip; Lire la suite &rarr;
