{"id":362,"date":"2023-10-10T20:48:46","date_gmt":"2023-10-10T18:48:46","guid":{"rendered":"https:\/\/www.fondationcasafair.ch\/?page_id=362"},"modified":"2026-01-12T14:29:57","modified_gmt":"2026-01-12T13:29:57","slug":"logements-libres","status":"publish","type":"page","link":"https:\/\/www.fondationcasafair.ch\/fr\/habiter\/logements-libres\/","title":{"rendered":"Logements libres"},"content":{"rendered":"<h1>Logements libres<\/h1>\n<p>Vous souhaitez vivre chez une propri\u00e9taire qui accorde de l&#8217;importance \u00e0 la relation avec ses locataires et pour qui la location \u00e9quitable est l&#8217;une de ses valeurs fondamentales ? En contrepartie, la Fondation Casafair attend de ses locataires qu&#8217;ils assument leurs responsabilit\u00e9s et prennent soin du bien immobilier. Par exemple, une utilisation durable de l&#8217;appartement implique de ne pas laisser les fen\u00eatres entrouvertes en hiver et d&#8217;a\u00e9rer l&#8217;appartement au moins deux fois (en ouvrant toutes les fen\u00eatres en m\u00eame temps) afin d&#8217;\u00e9viter la formation de moisissures.<\/p>\n<p><strong>Aucun appartement n&#8217;est actuellement disponible.<\/strong><\/p>\n<p>L&#8217;appartement suivant vient d&#8217;\u00eatre lou\u00e9 :<br \/>\nAppartement de 3,5 pi\u00e8ces \u00e0 Zollikofen. Loyer mensuel : Fr. 1\u2018110.- + 180.- charges locatives<br \/>\nParking: Fr. 45.- 45.-<\/p>\n","protected":false},"excerpt":{"rendered":"<p>Logements libres Vous souhaitez vivre chez une propri\u00e9taire qui accorde de l&#8217;importance \u00e0 la relation avec ses locataires et pour qui la location \u00e9quitable est l&#8217;une de ses valeurs fondamentales ? En contrepartie, la Fondation Casafair attend de ses locataires &hellip; <a href=\"https:\/\/www.fondationcasafair.ch\/fr\/habiter\/logements-libres\/\">Lire la suite <span class=\"meta-nav\">&rarr;<\/span><\/a><\/p>\n","protected":false},"author":2,"featured_media":125,"parent":163,"menu_order":0,"comment_status":"closed","ping_status":"closed","template":"","meta":{"_acf_changed":false,"footnotes":""},"class_list":["post-362","page","type-page","status-publish","has-post-thumbnail","hentry","has-featured-image"],"acf":[],"yoast_head":"<!-- This site is optimized with the Yoast SEO plugin v27.3 - https:\/\/yoast.com\/product\/yoast-seo-wordpress\/ -->\n<title>Logements libres - Fondation Casafair<\/title>\n<meta name=\"robots\" content=\"index, follow, max-snippet:-1, max-image-preview:large, max-video-preview:-1\" \/>\n<link rel=\"canonical\" href=\"https:\/\/www.fondationcasafair.ch\/fr\/habiter\/logements-libres\/\" \/>\n<meta property=\"og:locale\" content=\"fr_FR\" \/>\n<meta property=\"og:type\" content=\"article\" \/>\n<meta property=\"og:title\" content=\"Logements libres - Fondation Casafair\" \/>\n<meta property=\"og:description\" content=\"Logements libres Vous souhaitez vivre chez une propri\u00e9taire qui accorde de l&#8217;importance \u00e0 la relation avec ses locataires et pour qui la location \u00e9quitable est l&#8217;une de ses valeurs fondamentales ? En contrepartie, la Fondation Casafair attend de ses locataires &hellip; Lire la suite &rarr;\" \/>\n<meta property=\"og:url\" content=\"https:\/\/www.fondationcasafair.ch\/fr\/habiter\/logements-libres\/\" \/>\n<meta property=\"og:site_name\" content=\"Fondation Casafair\" \/>\n<meta property=\"article:modified_time\" content=\"2026-01-12T13:29:57+00:00\" \/>\n<meta property=\"og:image\" content=\"https:\/\/www.fondationcasafair.ch\/wp-content\/uploads\/2023\/09\/header_front.jpg\" \/>\n\t<meta property=\"og:image:width\" content=\"1899\" \/>\n\t<meta property=\"og:image:height\" content=\"360\" \/>\n\t<meta property=\"og:image:type\" content=\"image\/jpeg\" \/>\n<meta name=\"twitter:card\" content=\"summary_large_image\" \/>\n<meta name=\"twitter:label1\" content=\"Est. reading time\" \/>\n\t<meta name=\"twitter:data1\" content=\"2 minutes\" \/>\n<script type=\"application\/ld+json\" class=\"yoast-schema-graph\">{\"@context\":\"https:\\\/\\\/schema.org\",\"@graph\":[{\"@type\":\"WebPage\",\"@id\":\"https:\\\/\\\/www.fondationcasafair.ch\\\/fr\\\/habiter\\\/logements-libres\\\/\",\"url\":\"https:\\\/\\\/www.fondationcasafair.ch\\\/fr\\\/habiter\\\/logements-libres\\\/\",\"name\":\"Logements libres - Fondation Casafair\",\"isPartOf\":{\"@id\":\"https:\\\/\\\/www.fondationcasafair.ch\\\/fr\\\/#website\"},\"primaryImageOfPage\":{\"@id\":\"https:\\\/\\\/www.fondationcasafair.ch\\\/fr\\\/habiter\\\/logements-libres\\\/#primaryimage\"},\"image\":{\"@id\":\"https:\\\/\\\/www.fondationcasafair.ch\\\/fr\\\/habiter\\\/logements-libres\\\/#primaryimage\"},\"thumbnailUrl\":\"https:\\\/\\\/www.fondationcasafair.ch\\\/wp-content\\\/uploads\\\/2023\\\/09\\\/header_front.jpg\",\"datePublished\":\"2023-10-10T18:48:46+00:00\",\"dateModified\":\"2026-01-12T13:29:57+00:00\",\"breadcrumb\":{\"@id\":\"https:\\\/\\\/www.fondationcasafair.ch\\\/fr\\\/habiter\\\/logements-libres\\\/#breadcrumb\"},\"inLanguage\":\"fr-FR\",\"potentialAction\":[{\"@type\":\"ReadAction\",\"target\":[\"https:\\\/\\\/www.fondationcasafair.ch\\\/fr\\\/habiter\\\/logements-libres\\\/\"]}]},{\"@type\":\"ImageObject\",\"inLanguage\":\"fr-FR\",\"@id\":\"https:\\\/\\\/www.fondationcasafair.ch\\\/fr\\\/habiter\\\/logements-libres\\\/#primaryimage\",\"url\":\"https:\\\/\\\/www.fondationcasafair.ch\\\/wp-content\\\/uploads\\\/2023\\\/09\\\/header_front.jpg\",\"contentUrl\":\"https:\\\/\\\/www.fondationcasafair.ch\\\/wp-content\\\/uploads\\\/2023\\\/09\\\/header_front.jpg\",\"width\":1899,\"height\":360},{\"@type\":\"BreadcrumbList\",\"@id\":\"https:\\\/\\\/www.fondationcasafair.ch\\\/fr\\\/habiter\\\/logements-libres\\\/#breadcrumb\",\"itemListElement\":[{\"@type\":\"ListItem\",\"position\":1,\"name\":\"Startseite\",\"item\":\"https:\\\/\\\/www.fondationcasafair.ch\\\/fr\\\/\"},{\"@type\":\"ListItem\",\"position\":2,\"name\":\"Habiter\",\"item\":\"https:\\\/\\\/www.fondationcasafair.ch\\\/fr\\\/habiter\\\/\"},{\"@type\":\"ListItem\",\"position\":3,\"name\":\"Logements libres\"}]},{\"@type\":\"WebSite\",\"@id\":\"https:\\\/\\\/www.fondationcasafair.ch\\\/fr\\\/#website\",\"url\":\"https:\\\/\\\/www.fondationcasafair.ch\\\/fr\\\/\",\"name\":\"Stiftung Fondation Casafair\",\"description\":\"\",\"publisher\":{\"@id\":\"https:\\\/\\\/www.fondationcasafair.ch\\\/fr\\\/#organization\"},\"potentialAction\":[{\"@type\":\"SearchAction\",\"target\":{\"@type\":\"EntryPoint\",\"urlTemplate\":\"https:\\\/\\\/www.fondationcasafair.ch\\\/fr\\\/?s={search_term_string}\"},\"query-input\":{\"@type\":\"PropertyValueSpecification\",\"valueRequired\":true,\"valueName\":\"search_term_string\"}}],\"inLanguage\":\"fr-FR\"},{\"@type\":\"Organization\",\"@id\":\"https:\\\/\\\/www.fondationcasafair.ch\\\/fr\\\/#organization\",\"name\":\"Stiftung Fondation Casafair\",\"url\":\"https:\\\/\\\/www.fondationcasafair.ch\\\/fr\\\/\",\"logo\":{\"@type\":\"ImageObject\",\"inLanguage\":\"fr-FR\",\"@id\":\"https:\\\/\\\/www.fondationcasafair.ch\\\/fr\\\/#\\\/schema\\\/logo\\\/image\\\/\",\"url\":\"https:\\\/\\\/www.fondationcasafair.ch\\\/wp-content\\\/uploads\\\/2023\\\/10\\\/fondation_casafair_rostrot_c_einzeilig.svg\",\"contentUrl\":\"https:\\\/\\\/www.fondationcasafair.ch\\\/wp-content\\\/uploads\\\/2023\\\/10\\\/fondation_casafair_rostrot_c_einzeilig.svg\",\"caption\":\"Stiftung Fondation Casafair\"},\"image\":{\"@id\":\"https:\\\/\\\/www.fondationcasafair.ch\\\/fr\\\/#\\\/schema\\\/logo\\\/image\\\/\"}}]}<\/script>\n<!-- \/ Yoast SEO plugin. -->","yoast_head_json":{"title":"Logements libres - Fondation Casafair","robots":{"index":"index","follow":"follow","max-snippet":"max-snippet:-1","max-image-preview":"max-image-preview:large","max-video-preview":"max-video-preview:-1"},"canonical":"https:\/\/www.fondationcasafair.ch\/fr\/habiter\/logements-libres\/","og_locale":"fr_FR","og_type":"article","og_title":"Logements libres - Fondation Casafair","og_description":"Logements libres Vous souhaitez vivre chez une propri\u00e9taire qui accorde de l&#8217;importance \u00e0 la relation avec ses locataires et pour qui la location \u00e9quitable est l&#8217;une de ses valeurs fondamentales ? En contrepartie, la Fondation Casafair attend de ses locataires &hellip; Lire la suite &rarr;","og_url":"https:\/\/www.fondationcasafair.ch\/fr\/habiter\/logements-libres\/","og_site_name":"Fondation Casafair","article_modified_time":"2026-01-12T13:29:57+00:00","og_image":[{"width":1899,"height":360,"url":"https:\/\/www.fondationcasafair.ch\/wp-content\/uploads\/2023\/09\/header_front.jpg","type":"image\/jpeg"}],"twitter_card":"summary_large_image","twitter_misc":{"Est. reading time":"2 minutes"},"schema":{"@context":"https:\/\/schema.org","@graph":[{"@type":"WebPage","@id":"https:\/\/www.fondationcasafair.ch\/fr\/habiter\/logements-libres\/","url":"https:\/\/www.fondationcasafair.ch\/fr\/habiter\/logements-libres\/","name":"Logements libres - Fondation Casafair","isPartOf":{"@id":"https:\/\/www.fondationcasafair.ch\/fr\/#website"},"primaryImageOfPage":{"@id":"https:\/\/www.fondationcasafair.ch\/fr\/habiter\/logements-libres\/#primaryimage"},"image":{"@id":"https:\/\/www.fondationcasafair.ch\/fr\/habiter\/logements-libres\/#primaryimage"},"thumbnailUrl":"https:\/\/www.fondationcasafair.ch\/wp-content\/uploads\/2023\/09\/header_front.jpg","datePublished":"2023-10-10T18:48:46+00:00","dateModified":"2026-01-12T13:29:57+00:00","breadcrumb":{"@id":"https:\/\/www.fondationcasafair.ch\/fr\/habiter\/logements-libres\/#breadcrumb"},"inLanguage":"fr-FR","potentialAction":[{"@type":"ReadAction","target":["https:\/\/www.fondationcasafair.ch\/fr\/habiter\/logements-libres\/"]}]},{"@type":"ImageObject","inLanguage":"fr-FR","@id":"https:\/\/www.fondationcasafair.ch\/fr\/habiter\/logements-libres\/#primaryimage","url":"https:\/\/www.fondationcasafair.ch\/wp-content\/uploads\/2023\/09\/header_front.jpg","contentUrl":"https:\/\/www.fondationcasafair.ch\/wp-content\/uploads\/2023\/09\/header_front.jpg","width":1899,"height":360},{"@type":"BreadcrumbList","@id":"https:\/\/www.fondationcasafair.ch\/fr\/habiter\/logements-libres\/#breadcrumb","itemListElement":[{"@type":"ListItem","position":1,"name":"Startseite","item":"https:\/\/www.fondationcasafair.ch\/fr\/"},{"@type":"ListItem","position":2,"name":"Habiter","item":"https:\/\/www.fondationcasafair.ch\/fr\/habiter\/"},{"@type":"ListItem","position":3,"name":"Logements libres"}]},{"@type":"WebSite","@id":"https:\/\/www.fondationcasafair.ch\/fr\/#website","url":"https:\/\/www.fondationcasafair.ch\/fr\/","name":"Stiftung Fondation Casafair","description":"","publisher":{"@id":"https:\/\/www.fondationcasafair.ch\/fr\/#organization"},"potentialAction":[{"@type":"SearchAction","target":{"@type":"EntryPoint","urlTemplate":"https:\/\/www.fondationcasafair.ch\/fr\/?s={search_term_string}"},"query-input":{"@type":"PropertyValueSpecification","valueRequired":true,"valueName":"search_term_string"}}],"inLanguage":"fr-FR"},{"@type":"Organization","@id":"https:\/\/www.fondationcasafair.ch\/fr\/#organization","name":"Stiftung Fondation Casafair","url":"https:\/\/www.fondationcasafair.ch\/fr\/","logo":{"@type":"ImageObject","inLanguage":"fr-FR","@id":"https:\/\/www.fondationcasafair.ch\/fr\/#\/schema\/logo\/image\/","url":"https:\/\/www.fondationcasafair.ch\/wp-content\/uploads\/2023\/10\/fondation_casafair_rostrot_c_einzeilig.svg","contentUrl":"https:\/\/www.fondationcasafair.ch\/wp-content\/uploads\/2023\/10\/fondation_casafair_rostrot_c_einzeilig.svg","caption":"Stiftung Fondation Casafair"},"image":{"@id":"https:\/\/www.fondationcasafair.ch\/fr\/#\/schema\/logo\/image\/"}}]}},"_links":{"self":[{"href":"https:\/\/www.fondationcasafair.ch\/fr\/wp-json\/wp\/v2\/pages\/362","targetHints":{"allow":["GET"]}}],"collection":[{"href":"https:\/\/www.fondationcasafair.ch\/fr\/wp-json\/wp\/v2\/pages"}],"about":[{"href":"https:\/\/www.fondationcasafair.ch\/fr\/wp-json\/wp\/v2\/types\/page"}],"author":[{"embeddable":true,"href":"https:\/\/www.fondationcasafair.ch\/fr\/wp-json\/wp\/v2\/users\/2"}],"replies":[{"embeddable":true,"href":"https:\/\/www.fondationcasafair.ch\/fr\/wp-json\/wp\/v2\/comments?post=362"}],"version-history":[{"count":9,"href":"https:\/\/www.fondationcasafair.ch\/fr\/wp-json\/wp\/v2\/pages\/362\/revisions"}],"predecessor-version":[{"id":893,"href":"https:\/\/www.fondationcasafair.ch\/fr\/wp-json\/wp\/v2\/pages\/362\/revisions\/893"}],"up":[{"embeddable":true,"href":"https:\/\/www.fondationcasafair.ch\/fr\/wp-json\/wp\/v2\/pages\/163"}],"wp:featuredmedia":[{"embeddable":true,"href":"https:\/\/www.fondationcasafair.ch\/fr\/wp-json\/wp\/v2\/media\/125"}],"wp:attachment":[{"href":"https:\/\/www.fondationcasafair.ch\/fr\/wp-json\/wp\/v2\/media?parent=362"}],"curies":[{"name":"wp","href":"https:\/\/api.w.org\/{rel}","templated":true}]}}

<h1>Logements libres</h1>
<p>Vous souhaitez vivre chez une propriétaire qui accorde de l&#8217;importance à la relation avec ses locataires et pour qui la location équitable est l&#8217;une de ses valeurs fondamentales ? En contrepartie, la Fondation Casafair attend de ses locataires qu&#8217;ils assument leurs responsabilités et prennent soin du bien immobilier. Par exemple, une utilisation durable de l&#8217;appartement implique de ne pas laisser les fenêtres entrouvertes en hiver et d&#8217;aérer l&#8217;appartement au moins deux fois (en ouvrant toutes les fenêtres en même temps) afin d&#8217;éviter la formation de moisissures.</p>
<p><strong>Aucun appartement n&#8217;est actuellement disponible.</strong></p>
<p>L&#8217;appartement suivant vient d&#8217;être loué :<br />
Appartement de 3,5 pièces à Zollikofen. Loyer mensuel : Fr. 1‘110.- + 180.- charges locatives<br />
Parking: Fr. 45.- 45.-</p>

<p>Logements libres Vous souhaitez vivre chez une propriétaire qui accorde de l&#8217;importance à la relation avec ses locataires et pour qui la location équitable est l&#8217;une de ses valeurs fondamentales ? En contrepartie, la Fondation Casafair attend de ses locataires &hellip; <a href="https://www.fondationcasafair.ch/fr/habiter/logements-libres/">Lire la suite <span class="meta-nav">&rarr;</span></a></p>

<!-- This site is optimized with the Yoast SEO plugin v27.3 - https://yoast.com/product/yoast-seo-wordpress/ -->
<title>Logements libres - Fondation Casafair</title>
<meta name="robots" content="index, follow, max-snippet:-1, max-image-preview:large, max-video-preview:-1" />
<link rel="canonical" href="https://www.fondationcasafair.ch/fr/habiter/logements-libres/" />
<meta property="og:locale" content="fr_FR" />
<meta property="og:type" content="article" />
<meta property="og:title" content="Logements libres - Fondation Casafair" />
<meta property="og:description" content="Logements libres Vous souhaitez vivre chez une propriétaire qui accorde de l&#8217;importance à la relation avec ses locataires et pour qui la location équitable est l&#8217;une de ses valeurs fondamentales ? En contrepartie, la Fondation Casafair attend de ses locataires &hellip; Lire la suite &rarr;" />
<meta property="og:url" content="https://www.fondationcasafair.ch/fr/habiter/logements-libres/" />
<meta property="og:site_name" content="Fondation Casafair" />
<meta property="article:modified_time" content="2026-01-12T13:29:57+00:00" />
<meta property="og:image" content="https://www.fondationcasafair.ch/wp-content/uploads/2023/09/header_front.jpg" />
	<meta property="og:image:width" content="1899" />
	<meta property="og:image:height" content="360" />
	<meta property="og:image:type" content="image/jpeg" />
<meta name="twitter:card" content="summary_large_image" />
<meta name="twitter:label1" content="Est. reading time" />
	<meta name="twitter:data1" content="2 minutes" />
<script type="application/ld+json" class="yoast-schema-graph">{"@context":"https:\/\/schema.org","@graph":[{"@type":"WebPage","@id":"https:\/\/www.fondationcasafair.ch\/fr\/habiter\/logements-libres\/","url":"https:\/\/www.fondationcasafair.ch\/fr\/habiter\/logements-libres\/","name":"Logements libres - Fondation Casafair","isPartOf":{"@id":"https:\/\/www.fondationcasafair.ch\/fr\/#website"},"primaryImageOfPage":{"@id":"https:\/\/www.fondationcasafair.ch\/fr\/habiter\/logements-libres\/#primaryimage"},"image":{"@id":"https:\/\/www.fondationcasafair.ch\/fr\/habiter\/logements-libres\/#primaryimage"},"thumbnailUrl":"https:\/\/www.fondationcasafair.ch\/wp-content\/uploads\/2023\/09\/header_front.jpg","datePublished":"2023-10-10T18:48:46+00:00","dateModified":"2026-01-12T13:29:57+00:00","breadcrumb":{"@id":"https:\/\/www.fondationcasafair.ch\/fr\/habiter\/logements-libres\/#breadcrumb"},"inLanguage":"fr-FR","potentialAction":[{"@type":"ReadAction","target":["https:\/\/www.fondationcasafair.ch\/fr\/habiter\/logements-libres\/"]}]},{"@type":"ImageObject","inLanguage":"fr-FR","@id":"https:\/\/www.fondationcasafair.ch\/fr\/habiter\/logements-libres\/#primaryimage","url":"https:\/\/www.fondationcasafair.ch\/wp-content\/uploads\/2023\/09\/header_front.jpg","contentUrl":"https:\/\/www.fondationcasafair.ch\/wp-content\/uploads\/2023\/09\/header_front.jpg","width":1899,"height":360},{"@type":"BreadcrumbList","@id":"https:\/\/www.fondationcasafair.ch\/fr\/habiter\/logements-libres\/#breadcrumb","itemListElement":[{"@type":"ListItem","position":1,"name":"Startseite","item":"https:\/\/www.fondationcasafair.ch\/fr\/"},{"@type":"ListItem","position":2,"name":"Habiter","item":"https:\/\/www.fondationcasafair.ch\/fr\/habiter\/"},{"@type":"ListItem","position":3,"name":"Logements libres"}]},{"@type":"WebSite","@id":"https:\/\/www.fondationcasafair.ch\/fr\/#website","url":"https:\/\/www.fondationcasafair.ch\/fr\/","name":"Stiftung Fondation Casafair","description":"","publisher":{"@id":"https:\/\/www.fondationcasafair.ch\/fr\/#organization"},"potentialAction":[{"@type":"SearchAction","target":{"@type":"EntryPoint","urlTemplate":"https:\/\/www.fondationcasafair.ch\/fr\/?s={search_term_string}"},"query-input":{"@type":"PropertyValueSpecification","valueRequired":true,"valueName":"search_term_string"}}],"inLanguage":"fr-FR"},{"@type":"Organization","@id":"https:\/\/www.fondationcasafair.ch\/fr\/#organization","name":"Stiftung Fondation Casafair","url":"https:\/\/www.fondationcasafair.ch\/fr\/","logo":{"@type":"ImageObject","inLanguage":"fr-FR","@id":"https:\/\/www.fondationcasafair.ch\/fr\/#\/schema\/logo\/image\/","url":"https:\/\/www.fondationcasafair.ch\/wp-content\/uploads\/2023\/10\/fondation_casafair_rostrot_c_einzeilig.svg","contentUrl":"https:\/\/www.fondationcasafair.ch\/wp-content\/uploads\/2023\/10\/fondation_casafair_rostrot_c_einzeilig.svg","caption":"Stiftung Fondation Casafair"},"image":{"@id":"https:\/\/www.fondationcasafair.ch\/fr\/#\/schema\/logo\/image\/"}}]}</script>
<!-- / Yoast SEO plugin. -->

Logements libres Vous souhaitez vivre chez une propriétaire qui accorde de l&#8217;importance à la relation avec ses locataires et pour qui la location équitable est l&#8217;une de ses valeurs fondamentales ? En contrepartie, la Fondation Casafair attend de ses locataires &hellip; Lire la suite &rarr;
